[INFO] cloning repository https://github.com/HarukaMa/aleo-pool-server
[INFO] running `Command { std: "git" "-c" "credential.helper=" "-c" "credential.helper=/workspace/cargo-home/bin/git-credential-null" "clone" "--bare" "https://github.com/HarukaMa/aleo-pool-server" "/workspace/cache/git-repos/https%3A%2F%2Fgithub.com%2FHarukaMa%2Faleo-pool-server", kill_on_drop: false }`
[INFO] [stderr] Cloning into bare repository '/workspace/cache/git-repos/https%3A%2F%2Fgithub.com%2FHarukaMa%2Faleo-pool-server'...
[INFO] running `Command { std: "git" "rev-parse" "HEAD", kill_on_drop: false }`
[INFO] [stdout] f97d97e3b2a47dcd553bd4bd85da377f4f62934f
[INFO] checking HarukaMa/aleo-pool-server against master#9610dfe5a9a731ced1ea4923ecbd0c57fe367898 for beta-170-4
[INFO] running `Command { std: "git" "clone" "/workspace/cache/git-repos/https%3A%2F%2Fgithub.com%2FHarukaMa%2Faleo-pool-server" "/workspace/builds/worker-5-tc1/source", kill_on_drop: false }`
[INFO] [stderr] Cloning into '/workspace/builds/worker-5-tc1/source'...
[INFO] [stderr] done.
[INFO] validating manifest of git repo https://github.com/HarukaMa/aleo-pool-server on toolchain 9610dfe5a9a731ced1ea4923ecbd0c57fe367898
[INFO] running `Command { std: CARGO_HOME="/workspace/cargo-home" RUSTUP_HOME="/workspace/rustup-home" "/workspace/cargo-home/bin/cargo" "+9610dfe5a9a731ced1ea4923ecbd0c57fe367898" "metadata" "--manifest-path" "Cargo.toml" "--no-deps", kill_on_drop: false }`
[INFO] started tweaking git repo https://github.com/HarukaMa/aleo-pool-server
[INFO] finished tweaking git repo https://github.com/HarukaMa/aleo-pool-server
[INFO] tweaked toml for git repo https://github.com/HarukaMa/aleo-pool-server written to /workspace/builds/worker-5-tc1/source/Cargo.toml
[INFO] crate git repo https://github.com/HarukaMa/aleo-pool-server already has a lockfile, it will not be regenerated
[INFO] running `Command { std: CARGO_HOME="/workspace/cargo-home" RUSTUP_HOME="/workspace/rustup-home" "/workspace/cargo-home/bin/cargo" "+9610dfe5a9a731ced1ea4923ecbd0c57fe367898" "fetch" "--manifest-path" "Cargo.toml", kill_on_drop: false }`
[INFO] [stderr]     Updating crates.io index
[INFO] [stderr]     Updating git repository `https://github.com/AleoHQ/snarkOS.git`
[INFO] [stderr]     Blocking waiting for file lock on package cache
[INFO] [stderr]  Downloading crates ...
[INFO] [stderr]   Downloaded tokio-postgres v0.7.7
[INFO] [stderr]   Downloaded aleo-std-timer v0.1.2
[INFO] [stderr]   Downloaded snarkvm-circuit-types-string v0.9.13
[INFO] [stderr]   Downloaded snarkvm-console-types-string v0.9.13
[INFO] [stderr]   Downloaded snarkvm-circuit-types-integers v0.9.13
[INFO] [stderr]   Downloaded snarkvm-circuit-types v0.9.13
[INFO] [stderr]   Downloaded snarkvm-circuit-environment-witness v0.9.13
[INFO] [stderr]   Downloaded bincode_derive v2.0.0-rc.2
[INFO] [stderr]   Downloaded snarkvm-circuit-network v0.9.13
[INFO] [stderr]   Downloaded kadmium v0.6.0
[INFO] [stderr]   Downloaded snarkvm-circuit-environment v0.9.13
[INFO] [stderr]   Downloaded snarkvm-circuit-types-field v0.9.13
[INFO] [stderr]   Downloaded json-rpc-types v1.2.0
[INFO] [stderr]   Downloaded snarkvm-utilities v0.9.13
[INFO] [stderr]   Downloaded snarkvm-utilities-derives v0.9.13
[INFO] [stderr]   Downloaded flurry v0.4.0
[INFO] [stderr]   Downloaded aleo-std-time v0.1.1
[INFO] [stderr]   Downloaded aleo-std v0.1.15
[INFO] [stderr]   Downloaded snarkvm-console v0.9.13
[INFO] [stderr]   Downloaded snarkvm-console-network-environment v0.9.13
[INFO] [stderr]   Downloaded snarkvm-console-types-field v0.9.13
[INFO] [stderr]   Downloaded snarkvm-console-types-group v0.9.13
[INFO] [stderr]   Downloaded enum_index_derive v0.2.0
[INFO] [stderr]   Downloaded snarkvm-console-types-scalar v0.9.13
[INFO] [stderr]   Downloaded snarkvm-console-account v0.9.13
[INFO] [stderr]   Downloaded snarkvm-circuit v0.9.13
[INFO] [stderr]   Downloaded snarkvm-console-program v0.9.13
[INFO] [stderr]   Downloaded snarkvm-circuit-collections v0.9.13
[INFO] [stderr]   Downloaded snarkvm-circuit-program v0.9.13
[INFO] [stderr]   Downloaded snarkvm-circuit-account v0.9.13
[INFO] [stderr]   Downloaded snarkvm-circuit-types-address v0.9.13
[INFO] [stderr]   Downloaded snarkvm-circuit-types-scalar v0.9.13
[INFO] [stderr]   Downloaded self_update v0.35.0
[INFO] [stderr]   Downloaded deadpool-postgres v0.10.5
[INFO] [stderr]   Downloaded virtue v0.0.8
[INFO] [stderr]   Downloaded seize v0.2.5
[INFO] [stderr]   Downloaded aleo-std-storage v0.1.3
[INFO] [stderr]   Downloaded aleo-std-timed v0.1.2
[INFO] [stderr]   Downloaded snarkvm-circuit-types-group v0.9.13
[INFO] [stderr]   Downloaded aleo-std-profiler v0.1.14
[INFO] [stderr]   Downloaded snarkvm-curves v0.9.13
[INFO] [stderr]   Downloaded snarkvm-r1cs v0.9.13
[INFO] [stderr]   Downloaded savefile v0.12.0
[INFO] [stderr]   Downloaded bincode v2.0.0-rc.2
[INFO] [stderr]   Downloaded savefile-derive v0.12.0
[INFO] [stderr]   Downloaded snarkvm-console-types-boolean v0.9.13
[INFO] [stderr]   Downloaded snarkvm-console-types-integers v0.9.13
[INFO] [stderr]   Downloaded snarkvm-fields v0.9.13
[INFO] [stderr]   Downloaded signal-hook-tokio v0.3.1
[INFO] [stderr]   Downloaded enum_index v0.2.0
[INFO] [stderr]   Downloaded aleo-std-cpu v0.1.3
[INFO] [stderr]   Downloaded postgres-types v0.2.4
[INFO] [stderr]   Downloaded snarkvm-circuit-types-boolean v0.9.13
[INFO] [stderr]   Downloaded snarkvm-console-collections v0.9.13
[INFO] [stderr]   Downloaded snarkvm-circuit-algorithms v0.9.13
[INFO] [stderr]   Downloaded snarkvm-console-network v0.9.13
[INFO] [stderr]   Downloaded snarkvm-console-types-address v0.9.13
[INFO] [stderr]   Downloaded snarkvm v0.9.13
[INFO] [stderr]   Downloaded snarkvm-console-types v0.9.13
[INFO] [stderr]   Downloaded snarkvm-synthesizer v0.9.13
[INFO] [stderr]   Downloaded snarkvm-algorithms v0.9.13
[INFO] [stderr]   Downloaded snarkvm-console-algorithms v0.9.13
[INFO] [stderr]   Downloaded snarkvm-parameters v0.9.13
[INFO] running `Command { std: "docker" "create" "-v" "/var/lib/crater-agent-workspace/builds/worker-5-tc1/target:/opt/rustwide/target:rw,Z" "-v" "/var/lib/crater-agent-workspace/builds/worker-5-tc1/source:/opt/rustwide/workdir:ro,Z" "-v" "/var/lib/crater-agent-workspace/cargo-home:/opt/rustwide/cargo-home:ro,Z" "-v" "/var/lib/crater-agent-workspace/rustup-home:/opt/rustwide/rustup-home:ro,Z" "-e" "SOURCE_DIR=/opt/rustwide/workdir" "-e" "CARGO_TARGET_DIR=/opt/rustwide/target" "-e" "CARGO_HOME=/opt/rustwide/cargo-home" "-e" "RUSTUP_HOME=/opt/rustwide/rustup-home" "-w" "/opt/rustwide/workdir" "-m" "1610612736" "--user" "0:0" "--network" "none" "ghcr.io/rust-lang/crates-build-env/linux@sha256:19e73879b68f455e41552ea35293514db52ea292d993f571636dbffedb77a1ee" "/opt/rustwide/cargo-home/bin/cargo" "+9610dfe5a9a731ced1ea4923ecbd0c57fe367898" "metadata" "--no-deps" "--format-version=1", kill_on_drop: false }`
[INFO] [stdout] c78d281c2965c390207a14f1f855a25f29867e1bfb4335df0c3f0ed73c2bd01e
[INFO] running `Command { std: "docker" "start" "-a" "c78d281c2965c390207a14f1f855a25f29867e1bfb4335df0c3f0ed73c2bd01e", kill_on_drop: false }`
[INFO] running `Command { std: "docker" "inspect" "c78d281c2965c390207a14f1f855a25f29867e1bfb4335df0c3f0ed73c2bd01e", kill_on_drop: false }`
[INFO] running `Command { std: "docker" "rm" "-f" "c78d281c2965c390207a14f1f855a25f29867e1bfb4335df0c3f0ed73c2bd01e", kill_on_drop: false }`
[INFO] [stdout] c78d281c2965c390207a14f1f855a25f29867e1bfb4335df0c3f0ed73c2bd01e
[INFO] running `Command { std: "docker" "create" "-v" "/var/lib/crater-agent-workspace/builds/worker-5-tc1/target:/opt/rustwide/target:rw,Z" "-v" "/var/lib/crater-agent-workspace/builds/worker-5-tc1/source:/opt/rustwide/workdir:ro,Z" "-v" "/var/lib/crater-agent-workspace/cargo-home:/opt/rustwide/cargo-home:ro,Z" "-v" "/var/lib/crater-agent-workspace/rustup-home:/opt/rustwide/rustup-home:ro,Z" "-e" "SOURCE_DIR=/opt/rustwide/workdir" "-e" "CARGO_TARGET_DIR=/opt/rustwide/target" "-e" "CARGO_INCREMENTAL=0" "-e" "RUST_BACKTRACE=full" "-e" "RUSTFLAGS=--cap-lints=forbid" "-e" "RUSTDOCFLAGS=--cap-lints=forbid" "-e" "CARGO_HOME=/opt/rustwide/cargo-home" "-e" "RUSTUP_HOME=/opt/rustwide/rustup-home" "-w" "/opt/rustwide/workdir" "-m" "1610612736" "--user" "0:0" "--network" "none" "ghcr.io/rust-lang/crates-build-env/linux@sha256:19e73879b68f455e41552ea35293514db52ea292d993f571636dbffedb77a1ee" "/opt/rustwide/cargo-home/bin/cargo" "+9610dfe5a9a731ced1ea4923ecbd0c57fe367898" "check" "--frozen" "--all" "--all-targets" "--message-format=json", kill_on_drop: false }`
[INFO] [stdout] 0c1dc106425bd603b15108e7d52209ebd4e6c3a9438c1c5dcf3c46c519f9817a
[INFO] running `Command { std: "docker" "start" "-a" "0c1dc106425bd603b15108e7d52209ebd4e6c3a9438c1c5dcf3c46c519f9817a", kill_on_drop: false }`
[INFO] [stderr]    Compiling proc-macro2 v1.0.51
[INFO] [stderr]    Compiling quote v1.0.23
[INFO] [stderr]    Compiling unicode-ident v1.0.6
[INFO] [stderr]    Compiling libc v0.2.139
[INFO] [stderr]    Compiling syn v1.0.107
[INFO] [stderr]    Compiling autocfg v1.1.0
[INFO] [stderr]     Checking cfg-if v1.0.0
[INFO] [stderr]    Compiling serde_derive v1.0.152
[INFO] [stderr]    Compiling serde v1.0.152
[INFO] [stderr]    Compiling version_check v0.9.4
[INFO] [stderr]     Checking scopeguard v1.1.0
[INFO] [stderr]    Compiling memchr v2.5.0
[INFO] [stderr]    Compiling crossbeam-utils v0.8.14
[INFO] [stderr]    Compiling memoffset v0.7.1
[INFO] [stderr]    Compiling crossbeam-epoch v0.9.13
[INFO] [stderr]     Checking itoa v1.0.5
[INFO] [stderr]    Compiling rayon-core v1.10.2
[INFO] [stderr]     Checking either v1.8.1
[INFO] [stderr]    Compiling indexmap v1.9.2
[INFO] [stderr]     Checking once_cell v1.17.1
[INFO] [stderr]     Checking hashbrown v0.12.3
[INFO] [stderr]    Compiling cc v1.0.79
[INFO] [stderr]    Compiling typenum v1.16.0
[INFO] [stderr]     Checking crossbeam-channel v0.5.6
[INFO] [stderr]    Compiling generic-array v0.14.6
[INFO] [stderr]     Checking ryu v1.0.12
[INFO] [stderr]    Compiling serde_json v1.0.93
[INFO] [stderr]     Checking crossbeam-deque v0.8.2
[INFO] [stderr]     Checking ppv-lite86 v0.2.17
[INFO] [stderr]     Checking smallvec v1.10.0
[INFO] [stderr]    Compiling num-traits v0.2.15
[INFO] [stderr]    Compiling proc-macro2 v0.4.30
[INFO] [stderr]    Compiling lock_api v0.4.9
[INFO] [stderr]    Compiling thiserror v1.0.38
[INFO] [stderr]    Compiling parking_lot_core v0.9.7
[INFO] [stderr]    Compiling unicode-xid v0.1.0
[INFO] [stderr]     Checking num_cpus v1.15.0
[INFO] [stderr]     Checking getrandom v0.2.8
[INFO] [stderr]     Checking rand_core v0.6.4
[INFO] [stderr]     Checking rand_chacha v0.3.1
[INFO] [stderr]    Compiling pkg-config v0.3.26
[INFO] [stderr]    Compiling syn v0.15.44
[INFO] [stderr]     Checking rand v0.8.5
[INFO] [stderr]     Checking rayon v1.6.1
[INFO] [stderr]    Compiling quote v0.6.13
[INFO] [stderr]     Checking dirs-sys v0.3.7
[INFO] [stderr]    Compiling num-integer v0.1.45
[INFO] [stderr]     Checking dirs v4.0.0
[INFO] [stderr]    Compiling num-bigint v0.4.3
[INFO] [stderr]    Compiling anyhow v1.0.69
[INFO] [stderr]     Checking subtle v2.4.1
[INFO] [stderr]     Checking aleo-std-storage v0.1.3
[INFO] [stderr]     Checking socket2 v0.4.7
[INFO] [stderr]     Checking itertools v0.10.5
[INFO] [stderr]     Checking aleo-std-timer v0.1.2
[INFO] [stderr]     Checking aleo-std-profiler v0.1.14
[INFO] [stderr]     Checking aleo-std-cpu v0.1.3
[INFO] [stderr]     Checking rand_xorshift v0.3.0
[INFO] [stderr]     Checking cpufeatures v0.2.5
[INFO] [stderr]    Compiling openssl-sys v0.9.80
[INFO] [stderr]     Checking crypto-common v0.1.6
[INFO] [stderr]     Checking block-buffer v0.10.3
[INFO] [stderr]     Checking minimal-lexical v0.2.1
[INFO] [stderr]     Checking digest v0.10.6
[INFO] [stderr]     Checking nom v7.1.3
[INFO] [stderr]     Checking bech32 v0.9.1
[INFO] [stderr]     Checking lazy_static v1.4.0
[INFO] [stderr]    Compiling libz-sys v1.1.8
[INFO] [stderr]    Compiling log v0.4.17
[INFO] [stderr]     Checking openssl-probe v0.1.5
[INFO] [stderr]     Checking byteorder v1.4.3
[INFO] [stderr]    Compiling curl-sys v0.4.59+curl-7.86.0
[INFO] [stderr]     Checking atty v0.2.14
[INFO] [stderr]    Compiling ahash v0.8.3
[INFO] [stderr]    Compiling curl v0.4.44
[INFO] [stderr]     Checking arrayvec v0.7.2
[INFO] [stderr]    Compiling paste v1.0.11
[INFO] [stderr]     Checking sha2 v0.10.6
[INFO] [stderr]     Checking arrayref v0.3.6
[INFO] [stderr]     Checking constant_time_eq v0.2.4
[INFO] [stderr]     Checking blake2s_simd v1.0.1
[INFO] [stderr]     Checking fxhash v0.2.1
[INFO] [stderr]     Checking colored v2.0.0
[INFO] [stderr]     Checking pin-project-lite v0.2.9
[INFO] [stderr]     Checking hex v0.4.3
[INFO] [stderr]     Checking hashbrown v0.13.2
[INFO] [stderr]    Compiling futures-core v0.3.26
[INFO] [stderr]     Checking signal-hook-registry v1.4.1
[INFO] [stderr]    Compiling tokio v1.25.0
[INFO] [stderr]     Checking mio v0.8.6
[INFO] [stderr]    Compiling snarkvm-circuit-types-boolean v0.9.13
[INFO] [stderr]    Compiling snarkvm-circuit-environment-witness v0.9.13
[INFO] [stderr]    Compiling snarkvm-circuit-types-field v0.9.13
[INFO] [stderr]     Checking futures-sink v0.3.26
[INFO] [stderr]     Checking bitflags v1.3.2
[INFO] [stderr]     Checking tracing-core v0.1.30
[INFO] [stderr]    Compiling slab v0.4.7
[INFO] [stderr]     Checking fnv v1.0.7
[INFO] [stderr]    Compiling futures-channel v0.3.26
[INFO] [stderr]    Compiling futures-task v0.3.26
[INFO] [stderr]    Compiling futures-util v0.3.26
[INFO] [stderr]    Compiling snarkvm-circuit-types-scalar v0.9.13
[INFO] [stderr]    Compiling httparse v1.8.0
[INFO] [stderr]    Compiling snarkvm-circuit-types-group v0.9.13
[INFO] [stderr]     Checking tinyvec_macros v0.1.1
[INFO] [stderr]     Checking pin-utils v0.1.0
[INFO] [stderr]     Checking futures-io v0.3.26
[INFO] [stderr]    Compiling snarkvm-circuit-types-integers v0.9.13
[INFO] [stderr]     Checking tinyvec v1.6.0
[INFO] [stderr]    Compiling snarkvm-circuit-types-string v0.9.13
[INFO] [stderr]     Checking percent-encoding v2.2.0
[INFO] [stderr]    Compiling snarkvm-circuit-types-address v0.9.13
[INFO] [stderr]     Checking form_urlencoded v1.1.0
[INFO] [stderr]    Compiling semver v1.0.16
[INFO] [stderr]    Compiling aleo-std-time v0.1.1
[INFO] [stderr]     Checking unicode-bidi v0.3.10
[INFO] [stderr]    Compiling ring v0.16.20
[INFO] [stderr]    Compiling proc-macro-error-attr v1.0.4
[INFO] [stderr]    Compiling unicode-xid v0.0.4
[INFO] [stderr]     Checking foreign-types-shared v0.1.1
[INFO] [stderr]    Compiling snarkvm-circuit-algorithms v0.9.13
[INFO] [stderr]    Compiling openssl v0.10.45
[INFO] [stderr]     Checking foreign-types v0.3.2
[INFO] [stderr]    Compiling synom v0.11.3
[INFO] [stderr]    Compiling proc-macro-error v1.0.4
[INFO] [stderr]     Checking httpdate v1.0.2
[INFO] [stderr]     Checking unicode-normalization v0.1.22
[INFO] [stderr]    Compiling native-tls v0.2.11
[INFO] [stderr]    Compiling snarkvm-circuit-collections v0.9.13
[INFO] [stderr]     Checking bs58 v0.4.0
[INFO] [stderr]    Compiling quote v0.3.15
[INFO] [stderr]     Checking mime v0.3.16
[INFO] [stderr]     Checking try-lock v0.2.4
[INFO] [stderr]    Compiling syn v0.11.11
[INFO] [stderr]     Checking want v0.3.0
[INFO] [stderr]    Compiling unicase v2.6.0
[INFO] [stderr]     Checking tower-service v0.3.2
[INFO] [stderr]     Checking regex-syntax v0.6.28
[INFO] [stderr]     Checking untrusted v0.7.1
[INFO] [stderr]    Compiling snarkvm-circuit-network v0.9.13
[INFO] [stderr]     Checking spin v0.5.2
[INFO] [stderr]     Checking idna v0.3.0
[INFO] [stderr]     Checking base64 v0.13.1
[INFO] [stderr]     Checking opaque-debug v0.3.0
[INFO] [stderr]    Compiling heck v0.4.1
[INFO] [stderr]     Checking enum_index v0.2.0
[INFO] [stderr]    Compiling snarkvm-circuit-account v0.9.13
[INFO] [stderr]     Checking os_str_bytes v6.4.1
[INFO] [stderr]     Checking url v2.3.1
[INFO] [stderr]     Checking cipher v0.3.0
[INFO] [stderr]     Checking universal-hash v0.4.1
[INFO] [stderr]     Checking aho-corasick v0.7.20
[INFO] [stderr]     Checking remove_dir_all v0.5.3
[INFO] [stderr]     Checking fastrand v1.9.0
[INFO] [stderr]    Compiling platforms v3.0.2
[INFO] [stderr]    Compiling portable-atomic v0.3.19
[INFO] [stderr]    Compiling crc32fast v1.3.2
[INFO] [stderr]    Compiling thiserror-impl v1.0.38
[INFO] [stderr]    Compiling aleo-std-timed v0.1.2
[INFO] [stderr]    Compiling snarkvm-utilities-derives v0.9.13
[INFO] [stderr]    Compiling derivative v2.2.0
[INFO] [stderr]    Compiling tokio-macros v1.8.2
[INFO] [stderr]    Compiling tracing-attributes v0.1.23
[INFO] [stderr]     Checking aleo-std v0.1.15
[INFO] [stderr]    Compiling futures-macro v0.3.26
[INFO] [stderr]    Compiling openssl-macros v0.1.0
[INFO] [stderr]    Compiling enum_index_derive v0.2.0
[INFO] [stderr]    Compiling num-derive v0.3.3
[INFO] [stderr]    Compiling snarkvm-circuit-program v0.9.13
[INFO] [stderr]     Checking regex v1.7.1
[INFO] [stderr]     Checking webpki v0.22.0
[INFO] [stderr]     Checking tracing v0.1.37
[INFO] [stderr]     Checking tempfile v3.3.0
[INFO] [stderr]     Checking encoding_rs v0.8.32
[INFO] [stderr]     Checking base64 v0.21.0
[INFO] [stderr]     Checking ipnet v2.7.1
[INFO] [stderr]     Checking termcolor v1.2.0
[INFO] [stderr]     Checking strsim v0.10.0
[INFO] [stderr]     Checking adler v1.0.2
[INFO] [stderr]    Compiling rustls v0.20.8
[INFO] [stderr]     Checking unicode-width v0.1.10
[INFO] [stderr]     Checking miniz_oxide v0.6.2
[INFO] [stderr]     Checking console v0.15.5
[INFO] [stderr]     Checking sct v0.7.0
[INFO] [stderr]    Compiling clap_derive v3.2.18
[INFO] [stderr]     Checking clap_lex v0.2.4
[INFO] [stderr]     Checking blake2 v0.10.6
[INFO] [stderr]    Compiling io-lifetimes v1.0.5
[INFO] [stderr]     Checking textwrap v0.16.0
[INFO] [stderr]     Checking number_prefix v0.4.0
[INFO] [stderr]     Checking zeroize v1.5.7
[INFO] [stderr]    Compiling semver-parser v0.7.0
[INFO] [stderr]    Compiling self_update v0.35.0
[INFO] [stderr]     Checking indicatif v0.17.3
[INFO] [stderr]    Compiling semver v0.9.0
[INFO] [stderr]    Compiling curve25519-dalek v4.0.0-rc.0
[INFO] [stderr]    Compiling mime_guess v2.0.4
[INFO] [stderr]     Checking flate2 v1.0.25
[INFO] [stderr]    Compiling rustc_version v0.4.0
[INFO] [stderr]     Checking webpki-roots v0.22.6
[INFO] [stderr]     Checking polyval v0.5.3
[INFO] [stderr]     Checking aead v0.4.3
[INFO] [stderr]     Checking quick-xml v0.23.1
[INFO] [stderr]    Compiling virtue v0.0.8
[INFO] [stderr]    Compiling rustix v0.36.8
[INFO] [stderr]    Compiling async-trait v0.1.64
[INFO] [stderr]    Compiling snow v0.9.1
[INFO] [stderr]     Checking ghash v0.4.4
[INFO] [stderr]    Compiling rustc_version v0.2.3
[INFO] [stderr]     Checking chacha20 v0.8.2
[INFO] [stderr]     Checking poly1305 v0.7.2
[INFO] [stderr]     Checking ctr v0.8.0
[INFO] [stderr]     Checking aes v0.7.5
[INFO] [stderr]    Compiling bincode_derive v2.0.0-rc.2
[INFO] [stderr]     Checking sha-1 v0.10.1
[INFO] [stderr]    Compiling ahash v0.7.6
[INFO] [stderr]    Compiling signal-hook v0.3.15
[INFO] [stderr]    Compiling erased-serde v0.3.24
[INFO] [stderr]     Checking utf-8 v0.7.6
[INFO] [stderr]     Checking safemem v0.3.3
[INFO] [stderr]     Checking time-core v0.1.0
[INFO] [stderr]     Checking linux-raw-sys v0.1.4
[INFO] [stderr]     Checking buf_redux v0.8.4
[INFO] [stderr]     Checking aes-gcm v0.9.4
[INFO] [stderr]     Checking time v0.3.17
[INFO] [stderr]     Checking chacha20poly1305 v0.9.1
[INFO] [stderr]    Compiling savefile v0.12.0
[INFO] [stderr]     Checking regex-automata v0.1.10
[INFO] [stderr]    Compiling pin-project-internal v1.0.12
[INFO] [stderr]     Checking sha1 v0.10.5
[INFO] [stderr]     Checking twoway v0.1.8
[INFO] [stderr]     Checking quick-error v1.2.3
[INFO] [stderr]     Checking plotters-backend v0.3.4
[INFO] [stderr]     Checking half v1.8.2
[INFO] [stderr]     Checking bit-vec v0.6.3
[INFO] [stderr]     Checking ciborium-io v0.2.0
[INFO] [stderr]     Checking overload v0.1.1
[INFO] [stderr]     Checking bit-set v0.5.3
[INFO] [stderr]     Checking matchers v0.1.0
[INFO] [stderr]     Checking ciborium-ll v0.2.0
[INFO] [stderr]     Checking nu-ansi-term v0.46.0
[INFO] [stderr]     Checking plotters-svg v0.3.3
[INFO] [stderr]     Checking multipart v0.18.0
[INFO] [stderr]     Checking futures-executor v0.3.26
[INFO] [stderr]    Compiling clap_derive v4.1.0
[INFO] [stderr]     Checking clap_lex v0.3.1
[INFO] [stderr]     Checking bincode v1.3.3
[INFO] [stderr]     Checking bytes v1.4.0
[INFO] [stderr]     Checking parking_lot v0.12.1
[INFO] [stderr]     Checking serde_urlencoded v0.7.1
[INFO] [stderr]     Checking bincode v2.0.0-rc.2
[INFO] [stderr]     Checking str-buf v3.0.2
[INFO] [stderr]     Checking is-terminal v0.4.3
[INFO] [stderr]     Checking rustls-pemfile v0.2.1
[INFO] [stderr]     Checking http v0.2.8
[INFO] [stderr]     Checking clap v3.2.23
[INFO] [stderr]     Checking pin-project v1.0.12
[INFO] [stderr]     Checking json-rpc-types v1.2.0
[INFO] [stderr]     Checking tracing-log v0.1.3
[INFO] [stderr]     Checking sharded-slab v0.1.4
[INFO] [stderr]     Checking seize v0.2.5
[INFO] [stderr]     Checking thread_local v1.1.7
[INFO] [stderr]     Checking cast v0.3.0
[INFO] [stderr]     Checking snarkvm-utilities v0.9.13
[INFO] [stderr]     Checking http-body v0.4.5
[INFO] [stderr]     Checking ureq v2.6.2
[INFO] [stderr]     Checking tungstenite v0.17.3
[INFO] [stderr]     Checking headers-core v0.2.0
[INFO] [stderr]     Checking headers v0.3.8
[INFO] [stderr]     Checking scoped-tls v1.0.1
[INFO] [stderr]     Checking same-file v1.0.6
[INFO] [stderr]     Checking snarkvm-fields v0.9.13
[INFO] [stderr]     Checking downcast-rs v1.2.0
[INFO] [stderr]     Checking walkdir v2.3.2
[INFO] [stderr]     Checking tracing-subscriber v0.3.16
[INFO] [stderr]     Checking criterion-plot v0.5.0
[INFO] [stderr]     Checking tinytemplate v1.2.1
[INFO] [stderr]     Checking flurry v0.4.0
[INFO] [stderr]     Checking futures v0.3.26
[INFO] [stderr]     Checking ciborium v0.2.0
[INFO] [stderr]     Checking plotters v0.3.4
[INFO] [stderr]     Checking snarkvm-curves v0.9.13
[INFO] [stderr]    Compiling savefile-derive v0.12.0
[INFO] [stderr]     Checking clap v4.1.6
[INFO] [stderr]     Checking cache v0.1.0 (/opt/rustwide/workdir/cache)
[INFO] [stderr]     Checking dotenv v0.15.0
[INFO] [stderr]     Checking anes v0.1.6
[INFO] [stderr]     Checking oorandom v11.1.3
[INFO] [stderr]     Checking snarkvm-console-network-environment v0.9.13
[INFO] [stderr]     Checking snarkvm-r1cs v0.9.13
[INFO] [stderr]     Checking snarkvm-parameters v0.9.13
[INFO] [stderr]     Checking criterion v0.4.0
[INFO] [stderr]     Checking snarkvm-console-types-boolean v0.9.13
[INFO] [stderr]     Checking snarkvm-console-types-field v0.9.13
[INFO] [stderr]     Checking snarkvm-console-types-scalar v0.9.13
[INFO] [stderr]     Checking snarkvm-console-types-integers v0.9.13
[INFO] [stderr]     Checking snarkvm-algorithms v0.9.13
[INFO] [stderr]     Checking snarkvm-console-types-group v0.9.13
[INFO] [stderr]     Checking snarkvm-console-types-string v0.9.13
[INFO] [stderr]     Checking tokio-util v0.7.7
[INFO] [stderr]     Checking tokio-native-tls v0.3.1
[INFO] [stderr]     Checking snarkvm-console-types-address v0.9.13
[INFO] [stderr]     Checking tokio-stream v0.1.11
[INFO] [stderr]     Checking tokio-tungstenite v0.17.2
[INFO] [stderr]     Checking signal-hook-tokio v0.3.1
[INFO] [stderr]     Checking speedometer v0.1.0 (/opt/rustwide/workdir/speedometer)
[INFO] [stderr]     Checking snarkvm-console-types v0.9.13
[INFO] [stderr]     Checking snarkvm-console-algorithms v0.9.13
[INFO] [stderr]     Checking snarkvm-console-collections v0.9.13
[INFO] [stderr]     Checking h2 v0.3.15
[INFO] [stderr]     Checking kadmium v0.6.0
[INFO] [stderr]     Checking aleo-stratum v1.0.0 (/opt/rustwide/workdir/stratum)
[INFO] [stderr]     Checking snarkvm-console-network v0.9.13
[INFO] [stderr]     Checking snarkvm-circuit-environment v0.9.13
[INFO] [stderr]     Checking snarkvm-console-account v0.9.13
[INFO] [stderr]     Checking snarkvm-console-program v0.9.13
[INFO] [stderr]     Checking hyper v0.14.24
[INFO] [stderr]     Checking snarkvm-circuit-types v0.9.13
[INFO] [stderr]     Checking snarkvm-console v0.9.13
[INFO] [stderr]     Checking snarkvm-circuit v0.9.13
[INFO] [stderr]     Checking hyper-tls v0.5.0
[INFO] [stderr]     Checking warp v0.3.3
[INFO] [stderr]     Checking reqwest v0.11.14
[INFO] [stderr]     Checking snarkvm-synthesizer v0.9.13
[INFO] [stderr]     Checking snarkvm v0.9.13
[INFO] [stderr]     Checking snarkos-account v2.0.2 (https://github.com/AleoHQ/snarkOS.git?branch=testnet3#eaf07522)
[INFO] [stderr]     Checking snarkos-node-messages v2.0.2 (https://github.com/AleoHQ/snarkOS.git?branch=testnet3#eaf07522)
[INFO] [stderr]     Checking aleo-pool-server v0.0.6 (/opt/rustwide/workdir)
[INFO] [stdout] error[E0433]: failed to resolve: could not find `dpc` in `snarkvm`
[INFO] [stdout]  --> benches/seen_nonce.rs:8:14
[INFO] [stdout]   |
[INFO] [stdout] 8 | use snarkvm::dpc::testnet2::Testnet2;
[INFO] [stdout]   |              ^^^ could not find `dpc` in `snarkvm`
[INFO] [stdout] 
[INFO] [stdout] 
[INFO] [stdout] error[E0432]: unresolved import `snarkvm::utilities`
[INFO] [stdout]   --> benches/seen_nonce.rs:10:14
[INFO] [stdout]    |
[INFO] [stdout] 10 | use snarkvm::utilities::UniformRand;
[INFO] [stdout]    |              ^^^^^^^^^ could not find `utilities` in `snarkvm`
[INFO] [stdout] 
[INFO] [stdout] 
[INFO] [stdout] error[E0576]: cannot find associated type `PoSWNonce` in trait `Network`
[INFO] [stdout]   --> benches/seen_nonce.rs:13:39
[INFO] [stdout]    |
[INFO] [stdout] 13 |     let nonce: <Testnet2 as Network>::PoSWNonce = UniformRand::rand(&mut thread_rng());
[INFO] [stdout]    |                                       ^^^^^^^^^ not found in `Network`
[INFO] [stdout] 
[INFO] [stdout] 
[INFO] [stdout] error: aborting due to 3 previous errors
[INFO] [stdout] 
[INFO] [stdout] 
[INFO] [stdout] Some errors have detailed explanations: E0432, E0433, E0576.
[INFO] [stdout] 
[INFO] [stdout] For more information about an error, try `rustc --explain E0432`.
[INFO] [stdout] 
[INFO] [stderr] error: could not compile `aleo-pool-server` (bench "seen_nonce") due to 4 previous errors
[INFO] [stderr] warning: build failed, waiting for other jobs to finish...
[INFO] [stdout] warning: unused import: `info`
[INFO] [stdout]   --> src/accounting.rs:26:29
[INFO] [stdout]    |
[INFO] [stdout] 26 | use tracing::{debug, error, info};
[INFO] [stdout]    |                             ^^^^
[INFO] [stdout]    |
[INFO] [stdout]    = note: `#[warn(unused_imports)]` on by default
[INFO] [stdout] 
[INFO] [stdout] 
[INFO] [stdout] warning: unused import: `info`
[INFO] [stdout]   --> src/accounting.rs:26:29
[INFO] [stdout]    |
[INFO] [stdout] 26 | use tracing::{debug, error, info};
[INFO] [stdout]    |                             ^^^^
[INFO] [stdout]    |
[INFO] [stdout]    = note: `#[warn(unused_imports)]` on by default
[INFO] [stdout] 
[INFO] [stdout] 
[INFO] [stdout] warning: unused variable: `commitment`
[INFO] [stdout]    --> src/accounting.rs:173:33
[INFO] [stdout]     |
[INFO] [stdout] 173 |                     NewSolution(commitment) => {
[INFO] [stdout]     |                                 ^^^^^^^^^^ help: if this is intentional, prefix it with an underscore: `_commitment`
[INFO] [stdout]     |
[INFO] [stdout]     = note: `#[warn(unused_variables)]` on by default
[INFO] [stdout] 
[INFO] [stdout] 
[INFO] [stdout] warning: unused variable: `address_shares`
[INFO] [stdout]    --> src/accounting.rs:175:33
[INFO] [stdout]     |
[INFO] [stdout] 175 |                         let (_, address_shares) = Accounting::pplns_to_provers_shares(&pplns);
[INFO] [stdout]     |                                 ^^^^^^^^^^^^^^ help: if this is intentional, prefix it with an underscore: `_address_shares`
[INFO] [stdout] 
[INFO] [stdout] 
[INFO] [stdout] warning: unused variable: `commitment`
[INFO] [stdout]    --> src/accounting.rs:173:33
[INFO] [stdout]     |
[INFO] [stdout] 173 |                     NewSolution(commitment) => {
[INFO] [stdout]     |                                 ^^^^^^^^^^ help: if this is intentional, prefix it with an underscore: `_commitment`
[INFO] [stdout]     |
[INFO] [stdout]     = note: `#[warn(unused_variables)]` on by default
[INFO] [stdout] 
[INFO] [stdout] 
[INFO] [stdout] warning: unused variable: `address_shares`
[INFO] [stdout]    --> src/accounting.rs:175:33
[INFO] [stdout]     |
[INFO] [stdout] 175 |                         let (_, address_shares) = Accounting::pplns_to_provers_shares(&pplns);
[INFO] [stdout]     |                                 ^^^^^^^^^^^^^^ help: if this is intentional, prefix it with an underscore: `_address_shares`
[INFO] [stdout] 
[INFO] [stdout] 
[INFO] [stdout] warning: 3 warnings emitted
[INFO] [stdout] 
[INFO] [stdout] 
[INFO] [stdout] warning: 3 warnings emitted
[INFO] [stdout] 
[INFO] [stdout] 
[INFO] running `Command { std: "docker" "inspect" "0c1dc106425bd603b15108e7d52209ebd4e6c3a9438c1c5dcf3c46c519f9817a", kill_on_drop: false }`
[INFO] running `Command { std: "docker" "rm" "-f" "0c1dc106425bd603b15108e7d52209ebd4e6c3a9438c1c5dcf3c46c519f9817a", kill_on_drop: false }`
[INFO] [stdout] 0c1dc106425bd603b15108e7d52209ebd4e6c3a9438c1c5dcf3c46c519f9817a
